42 - (3 - (-2 - -1 - -13))?
74
Evaluate -22 + 1 - 2 - (22288 - 22287).
-24
What is (17 - (-27 + (21 - -1))) + -74?
-52
-7 - 13 - 31 - 9 - -33
-27
-55 + -3 + (-4625 - -4577)
-106
Calculate (-13 - (3 - -9)) + -1 + 30.
4
What is the value of 15 + -49 + (-179 - -233)?
20
57 + (-208 - -3) + 80
-68
Evaluate 0 + (-52 - 0 - ((-8 - 0 - -32) + -23)).
-53
Evaluate (3 - (-10 - (7 - (17 + 11)))) + 36.
28
28 - (-165 - -149) - (-2 - -49)
-3
Evaluate (39 - 104) + (9 - 5) + 10.
-51
Calculate -3 + -2 - (2 - (-9 - (-13 - -54))).
-57
What is -21 - -2 - (-66 + -19 - -39)?
27
5 - (9 + (10 + 2 - 40))
24
What is (2 + 0 - 5) + (-55 - -24 - -35)?
1
6 + (-1 - -6) + (129 - 141) + 50
49
Evaluate -12 - (-22 - (-46 - (11 - 13))).
-34
Calculate (-1 - (-6 - -3)) + -6 + (2 - 39 - -17).
-24
What is the value of -4 + 11 + 41 + -49 + 8 - -85?
92
Evaluate -3395 + 3382 - (-54 + -2).
43
Evaluate 42 + (-51 - -21 - -34).
46
What is 66 - (10 - ((16 + -5 - 6) + -3))?
58
What is the value of -11 - -8 - (-1 + -8) - (36 + 32)?
-62
What is the value of 0 + -4 + (421 - 433)?
-16
What is -5 + (21 - (8 + (0 - 4))) + (-54 - -45)?
3
-205 + 157 - (-53 + 4)
1
What is the value of -1 + 5 + (-171 - -154 - (-12 - 0)) + -41?
-42
What is -7 + -7 + 4 - (91 + -94)?
-7
Calculate -48348 + 48376 + -113 + -1 + -1.
-87
(-2 - -1 - (-41 + (82 - 14))) + -7
-35
What is 3 - (-25 - -19 - 37)?
46
Evaluate (9 - -6 - 20) + (0 - -45).
40
(-61 - (-2 - -2)) + -45 + 59 + -27
-74
What is (-68 - 7) + (361 - 322)?
-36
What is the value of 105 + 931 + -985 + (28 - 1)?
78
Calculate -12 - (-45 + (-6 + -4 - (15 - 20))).
38
Calculate 48 - (89 + -50 + 24).
-15
-30 - (83 - 37) - -43
-33
Calculate -9 - (-7 + 6 + -5 - (-27 + 13)).
-17
-4 + (5 - 3 - (-90 + (8 - -13)))
67
22 - (-44 - (-11 - 11))
44
What is the value of 11 - 18 - -17 - (3 - 26)?
33
(-145 - -165) + (-4 - (-3 + 55))
-36
Calculate (-137 - -192) + (119 - 106) + 0 + 3.
71
(-31 - -2) + (167 - 139)
-1
What is the value of 109 + -106 + -5 + 2 - (-29 - -7)?
22
Calculate 27 + -14 + 96 + -236.
-127
What is the value of (-7 - 0) + 47 + (-79 - -31)?
-8
Evaluate 2 + ((30 - (20 - -21)) + (1 - -6) - -54).
52
What is (39 - -9) + -38 + -26?
-16
What is the value of -10 + 7 + 11 + -14 - (12 + -9 + -154)?
145
Evaluate (75 - -31) + 61 - 104.
63
Calculate -9 - (-11 + -1) - (-41 + -38).
82
Calculate 17 + -12 + (10 - (6 + -4 + -12)) + -13.
12
What is -1 - 7 - 7 - (-130 - -137) - (2 + 1)?
-25
Evaluate (270 - (374 - 87)) + (0 - -1) + -54.
-70
Calculate -12 + 20 + 42 - 44.
6
Evaluate -15 + (49 - 31) - 26.
-23
Evaluate 36 - (99 - (66 - (16 - -15))).
-28
What is -9 + 15 + (-272 - -294)?
28
Evaluate -87 + 1 + (1000 - 949).
-35
Calculate -36 - 2 - (3 + -49).
8
(-9 - -14 - 16) + (5 - (0 - -14))
-20
Calculate -494 + 503 + (14 - 0).
23
Calculate -40 + 139 + -10 - 55.
34
Evaluate (8 - 2) + (47 - ((14 - 8) + 1)) + -10.
36
What is 0 + 82 - (-1239 + 1249)?
72
What is the value of -48 - (-15 - (-21 + -27 + 22))?
-59
Calculate 0 + -1 + (-60 - -1) - (0 + -14 - -10).
-56
What is -95 + 72 - -107 - 56?
28
What is (-14 - -24 - -32) + 10 + -6 + 5?
51
What is (-63 - -63) + 4 + (1 - 84) + 33 + -34?
-80
What is the value of -9 - ((11 - 86) + 13 + -7 + 1)?
59
What is (8 - (4 + -1) - 10 - -7 - -6) + 45?
53
Calculate -30 + 14 - -13 - (-4 - 5 - -4 - 76).
78
What is the value of -4 - (-64 - -22 - -78)?
-40
What is the value of 133 + 48 + -58 + -15 + -7 - (-1 - 10)?
112
What is (36 - -42) + -162 + 146?
62
What is the value of 3 + 1 - -2 - (6 + 2 + 9 - 18)?
7
Evaluate (15 - (70 + -38)) + 26 - (2 - 43).
50
What is the value of (15 + (-6 - 18) - -23) + -1 + -1 + 3?
15
Calculate -92 - ((16 - 46) + 16 + 21 - 6).
-93
Calculate 58 - 104 - 6 - -11.
-41
Calculate -34 + (55 - 50) + (-4 - -77).
44
What is 43 - -17 - 48 - (-49 - (3 - 1))?
63
What is -469 + 473 - (5 - (4 + -2))?
1
Evaluate 0 - 93 - (23861 - 23821).
-133
What is 22 - (-13 - (10 - -5 - 18))?
32
0 - (-319 + 315 - (-5 - (-2 - (0 - 3))))
-2
11 + 1 - (-34 + (-6 - 39))
91
Evaluate (-18 - -37) + -35 - -7 - 24.
-33
Evaluate 0 + -2 + 33 + -4 - (19198 - 19190).
19
What is (39 - ((9 + -5 - 14) + 38 + -33)) + 5?
49
Calculate -13 + 16 + -2 + 20 + 18.
39
Evaluate 11 + 1 - (-15 - -43) - -67.
51
Calculate -49 + 34 + (20 - 55).
-50
What is -12 + -12 + (-28 - -34) + -60?
-78
What is 12 + -19 + 3 + 113 + -17 + 5?
97
Calculate (3 - (-6 - 118 - (-6 + (-4 - 3)))) + 5.
119
-13 + -24 + 27 + (-32 - -26)
-16
Calculate -105 + 1 - (-57 + 1).
-48
(-6 - 0) + 31 + (676 - 760)
-59
What is the value of 3 - (-11 - (-20 - -3)) - (-62 - -107)?
-48
What is the value of (-572 - (-363 - 192)) + (9 - (-1 - -2))?
-9
What is the value of 5400 + -5410 - ((1 - -42) + (1 - (-2 + 6)))?
-50
What is the value of (21 - (5 - (-3 + -16))) + -6?
-9
What is the value of (73 - -2 - 46) + -39?
-10
(-32 - (-58 + -44)) + -11
59
Evaluate -9 + 5 + -14 - (-4 + (7 - 16)).
-5
What is (5 - 48) + 56 - (50 + 3)?
-40
What is the value of -711 + 706 + (-2 + -2 - (14 - 90))?
67
Calculate 19 - (-22 + 8) - -1.
34
-11308 + 11330 + (1 - -1 - -13)
37
2 - ((-16 + 10 - -24) + -1)
-15
Evaluate (-18 + 17 - (4 + -15)) + -126 + -24.
-140
-8 + -7 + 23 + -7 - (-52 + 50)
3
Evaluate 62 + 57 + -73 + 96.
142
What is the value of (37 - -18 - -20) + (2 - 2)?
75
Calculate 10 - ((2 - 25) + 34) - (74 + -20).
-55
-9 + (37 - (71 - 35)) + 22
14
What is -33 + (40 - -23) - (-4 - -7 - (15 + 0))?
42
What is the value of -69 + 75 - (30 - 1 - (12 + (6 - 16)))?
-21
(-132 + -5 + (-25 - -58) - -6) + 2 + 0
-96
Evaluate -1 - (-270 + 123 + 115).
31
Evaluate 5 - ((-2 - -20) + (-495 - -437)).
45
Evaluate (23 + 14 - 15) + (5 - 123).
-96
What is 23 - (-50 + 45) - (1 - -20)?
7
What is the value of (1 - 13) + -83 + -92 + 151?
-36
Evaluate -44 - ((-42 - (5 + -61)) + 40).
-98
Calculate (32 - (97 + -3) - 29) + -18.
-109
13 + (4 - (2 + 6)) + 85 + -96 - -22
20
What is the value of (24 - (22 + -4)) + 62?
68
What is 108 - (167 + -87) - (2 + -42)?
68
Calculate (4 + 6 - 0 - (22 - -30)) + (1 - -2).
-39
What is the value of 34 + (-4 - -4) + -12 + 8?
30
What is the value of (211 - (-161 - -300)) + -121?
-49
What is -100 + (-113 - (66 + -144))?
-135
Evaluate (-69 + -47 - 48) + 145.
-19
What is 579 + -607 - (-3 + 3 + -1)?
-27
Evaluate (-9 + 2 + 3 - 1) + -225 + 165 + -12.
-77
What is 9 + (-43 + 48 - 72 - (0 - 10))?
-48
What is -11 + (0 - -12 - (68 + (26 - 73)))?
-20
(39 - -60) + -18 + -2
79
214 - (-141 - (35 - 299))
91
What is the value of -12 - (61 - (33 - 31)) - 5?
-76
What is the value of -20 + 8 - -42 - -2 - (8 + -4)?
28
Calculate -6 - (-8 - -12) - (-53 + (9 - 9)).
43
Evaluate 6 + (0 - -11) + (7 + -5 - 8) + -3.
8
Calculate 23 + 2 + -12 + -69.
-56
What is 44 - 38 - ((-10 - (-11 + (2 - -5))) + 68)?
-56
What is the value of 128 - 88 - 18 - (6 + 0)?
16
-5383 - -5350 - (0 + 67)
-100
What is 5 - 42 - (2 + -9 - (-30 + 24))?
-36
-46 + 1 - (-537 - -565) - (1 + -5)
-69
What is 0 - 6 - ((-6 - (-8 + 6)) + (-6 - -2))?
2
What is the value of -25 + (-10 - -41) + (6 - 2) - (0 - 10)?
20
Calculate 3 + (2 - -1) + -17 - (4 + 6 + -10).
-11
What is the value of 2 - -3 - (1 - -2) - (-20 - (-11 - -47))?
58
(58 - 83) + 35 - (7 - -97 - 6)
-88
Calculate -1635 + 1635 + (-2 - (3 - 3 - 0)).
-2
What is the value of 360 - 377 - (-9 - 30)?
22
What is 94 + -63 + 11 + -100?
-58
14 - (8 + -1 - (170 - 157))
20
What is -219 + 141 + (3 - -2) + -6 + -1 + 1?
-79
Evaluate -28 + 5 - (72 - 55).
-40
Evaluate -2 - ((9 - 24 - -33) + -15) - (-37 - 3).
35
Calculate 0 - (49 + -29 + 9 - -12).
-41
Calculate 5 + (42 - 54) + 19 - (-1 - -58).
-45
Evaluate 40 - (4 + 18 + -15 + 2 - (-2 - -5)).
34
What is the value of (-2 - (24 + 39 + -59)) + 49?
43
What is the value of (12 + (1 + -36 - -17) - 11) + -50?
-67
Calculate -21 + 1 - (23 + (-40 - (-11 + 7))).
-7
What is (-5 - (70 + -66)) + 120?
111
What is the value of (77 - -40) + -35 - (35 + 0)?
47
(333 - 300) + (2 - 2) + 6 - (-11 - -3)
47
(0 - -6) + (-40 - -52 - 11) + (-7 - -1)
1
What is 1 - ((-1 + -3 + 3 - 9) + 28 + -5)?
-12
Evaluate 24 + -2 - (-3 - (9 + -10 + 12)).
36
What is 12 - (19 - -18) - -21 - 30?
-34
Evaluate 106 + -121 + (-12 - -3).
-24
(-4 + -3 - -9) + (20 - -22) + -9 + -2
33
4 + (5 - 8 - -4) + -2 - (75 + -13)
-59
Evaluate 5 + (4 - -67) + 4 - (154 - 140).
66
What is the value of 155 + -157 + -20 + 1 + -5?
-26
-25 + (-16 - 16 - -56) + -33
-34
What is the value of 80 - (36 + -32 + (-3 -